{"id":2348,"date":"2022-11-09T16:10:53","date_gmt":"2022-11-09T15:10:53","guid":{"rendered":"https:\/\/www.camping-levaldelarre.com\/mentions-legales\/"},"modified":"2022-11-28T09:48:42","modified_gmt":"2022-11-28T08:48:42","slug":"rechtliche-hinweise","status":"publish","type":"page","link":"https:\/\/www.camping-levaldelarre.com\/de\/rechtliche-hinweise\/","title":{"rendered":"Mentions l\u00e9gales"},"content":{"rendered":"<section id=\"ls-section-block_583f545f8b31ac52fb971731b9de7cc0\" class=\"ls-section \" >\r\n        <div class=\"container container--wide\">\r\n        \n\n<h1 class=\"ls-heading wp-block-heading\">Rechtliche Hinweise<\/h1>\n\n\n\n<h2 class=\"ls-heading wp-block-heading\">Herausgeber der Seite<\/h2>\n\n\n\n<p class=\"ls-paragraph\">Identit\u00e4t : CAMPING Le Val de l&#8217;Arre<br>Adresse : Route du Pont de la croix 30120 Le Vigan<br>T\u00e9l : +33 (0)4 67 81 02 77<br>Email : <strong>valdelarre@wanadoo.fr<\/strong><br>Siret : 35267233100019<br>Innergemeinschaftliche USt-Nummer : FR78352672331<\/p>\n\n\n\n<h2 class=\"ls-heading wp-block-heading\">Umsetzung<\/h2>\n\n\n\n<p class=\"ls-paragraph\">GEEK TONIC<br>Vertreten durch Herrn Yohan Darmayan in seiner Funktion als Gesch\u00e4ftsf\u00fchrer<br>Hauptsitz : 1 ALL PIERRE GEORGES LATECOERE 64200 BIARRITZ<br>T\u00e9l : 05 32 74 11 52<br>E-mail : info@geek-tonic.com<br>Website :\u00a0<a href=\"https:\/\/www.geek-tonic.com\/\">www.geek-tonic.com<\/a><br>SIRET : 89746755100015<br>APE : 6201Z<\/p>\n\n\n\n<h2 class=\"ls-heading wp-block-heading\">Urheberrechte und Copyrights<\/h2>\n\n\n\n<p class=\"ls-paragraph\">Der gesamte Inhalt dieser Website unterliegt dem Urheberrecht sowie dem geistigen Eigentum der franz\u00f6sischen Gesetzgebung. Jede Vervielf\u00e4ltigung (einschlie\u00dflich Fotos, Icons und herunterladbarer Dokumente) ist ohne vorherige Zustimmung von GEEK TONIC untersagt. Die Vervielf\u00e4ltigung der gesamten oder eines Teils der Website auf einem elektronischen Datentr\u00e4ger in einem Papier- oder elektronischen Format ist untersagt. GEEK TONIC \u00fcbernimmt keine Verantwortung f\u00fcr die auf der Website vorhandenen Inhalte. GEEK TONIC \u00fcbernimmt auch keine Verantwortung f\u00fcr externe Links, die auf die vorliegende Website verweisen.<\/p>\n\n\n\n<h2 class=\"ls-heading wp-block-heading\">Pers\u00f6nliche Daten und namentliche Informationen<\/h2>\n\n\n\n<p class=\"ls-paragraph\">Sie haben ein Recht auf Zugang, \u00c4nderung, Berichtigung und L\u00f6schung der Sie betreffenden Daten gem\u00e4\u00df Artikel 34 des Gesetzes &#8222;Informatique et Libert\u00e9s&#8220; Nr. 78-17 vom 6. Januar 1978, ge\u00e4ndert am 6. August 2018. Um dieses Zugangsrecht zu entfalten, k\u00f6nnen Sie dies auf einfache schriftliche Anfrage an den Herausgeber der Website tun.<\/p>\n\n\n\n<h2 class=\"ls-heading wp-block-heading\">Gesetzgebung<\/h2>\n\n\n\n<p class=\"ls-paragraph\">Gem\u00e4\u00df dem Gesetz vom 11. M\u00e4rz 1957 (Art. 41) und dem Gesetz \u00fcber geistiges Eigentum vom 1. Juli 1992 ist es verboten, einen Teil der Website ohne vorherige Genehmigung des Herausgebers der Website teilweise oder vollst\u00e4ndig zu vervielf\u00e4ltigen. Die Logos, Bilder, Fotos, Videos, Grafiken und Texte sind Eigentum ihrer jeweiligen Besitzer. Diese Website kann ohne ihr Wissen mit anderen Websites \u00fcber Hypermedia-Links verbunden sein. Der Herausgeber der Website lehnt jede Verantwortung f\u00fcr die auf diesen anderen Websites dargestellten Informationen ab. Der Internetnutzer erkennt an, dass die Nutzung dieser Website dem franz\u00f6sischen Recht unterliegt.<\/p>\n\n\r\n    <\/div>\r\n<\/section>","protected":false},"excerpt":{"rendered":"","protected":false},"author":1,"featured_media":0,"parent":0,"menu_order":0,"comment_status":"closed","ping_status":"closed","template":"","meta":{"_acf_changed":false,"footnotes":""},"sujet":[],"class_list":["post-2348","page","type-page","status-publish","hentry"],"acf":[],"yoast_head":"<!-- This site is optimized with the Yoast SEO plugin v25.3 - https:\/\/yoast.com\/wordpress\/plugins\/seo\/ -->\n<title>Rechtliche Hinweise - Le Val de l&#039;Arre<\/title>\n<meta name=\"robots\" content=\"noindex, nofollow\" \/>\n<meta property=\"og:locale\" content=\"de_DE\" \/>\n<meta property=\"og:type\" content=\"article\" \/>\n<meta property=\"og:title\" content=\"Rechtliche Hinweise - Le Val de l&#039;Arre\" \/>\n<meta property=\"og:url\" content=\"https:\/\/www.camping-levaldelarre.com\/de\/rechtliche-hinweise\/\" \/>\n<meta property=\"og:site_name\" content=\"Le Val de l&#039;Arre\" \/>\n<meta property=\"article:modified_time\" content=\"2022-11-28T08:48:42+00:00\" \/>\n<meta name=\"twitter:card\" content=\"summary_large_image\" \/>\n<meta name=\"twitter:label1\" content=\"Gesch\u00e4tzte Lesezeit\" \/>\n\t<meta name=\"twitter:data1\" content=\"2\u00a0Minuten\" \/>\n<script type=\"application\/ld+json\" class=\"yoast-schema-graph\">{\"@context\":\"https:\/\/schema.org\",\"@graph\":[{\"@type\":\"WebPage\",\"@id\":\"https:\/\/www.camping-levaldelarre.com\/de\/rechtliche-hinweise\/\",\"url\":\"https:\/\/www.camping-levaldelarre.com\/de\/rechtliche-hinweise\/\",\"name\":\"Rechtliche Hinweise - Le Val de l&#039;Arre\",\"isPartOf\":{\"@id\":\"https:\/\/www.camping-levaldelarre.com\/#website\"},\"datePublished\":\"2022-11-09T15:10:53+00:00\",\"dateModified\":\"2022-11-28T08:48:42+00:00\",\"breadcrumb\":{\"@id\":\"https:\/\/www.camping-levaldelarre.com\/de\/rechtliche-hinweise\/#breadcrumb\"},\"inLanguage\":\"de\",\"potentialAction\":[{\"@type\":\"ReadAction\",\"target\":[\"https:\/\/www.camping-levaldelarre.com\/de\/rechtliche-hinweise\/\"]}]},{\"@type\":\"BreadcrumbList\",\"@id\":\"https:\/\/www.camping-levaldelarre.com\/de\/rechtliche-hinweise\/#breadcrumb\",\"itemListElement\":[{\"@type\":\"ListItem\",\"position\":1,\"name\":\"Camping Gard\",\"item\":\"https:\/\/www.camping-levaldelarre.com\/de\/\"},{\"@type\":\"ListItem\",\"position\":2,\"name\":\"Mentions l\u00e9gales\"}]},{\"@type\":\"WebSite\",\"@id\":\"https:\/\/www.camping-levaldelarre.com\/#website\",\"url\":\"https:\/\/www.camping-levaldelarre.com\/\",\"name\":\"Le Val de l&#039;Arre\",\"description\":\"\",\"publisher\":{\"@id\":\"https:\/\/www.camping-levaldelarre.com\/#organization\"},\"potentialAction\":[{\"@type\":\"SearchAction\",\"target\":{\"@type\":\"EntryPoint\",\"urlTemplate\":\"https:\/\/www.camping-levaldelarre.com\/?s={search_term_string}\"},\"query-input\":{\"@type\":\"PropertyValueSpecification\",\"valueRequired\":true,\"valueName\":\"search_term_string\"}}],\"inLanguage\":\"de\"},{\"@type\":\"Organization\",\"@id\":\"https:\/\/www.camping-levaldelarre.com\/#organization\",\"name\":\"Le Val de l&#039;Arre\",\"url\":\"https:\/\/www.camping-levaldelarre.com\/\",\"logo\":{\"@type\":\"ImageObject\",\"inLanguage\":\"de\",\"@id\":\"https:\/\/www.camping-levaldelarre.com\/#\/schema\/logo\/image\/\",\"url\":\"https:\/\/www.camping-levaldelarre.com\/wp-content\/uploads\/2022\/10\/logo-le-val-de-l-arre.jpg\",\"contentUrl\":\"https:\/\/www.camping-levaldelarre.com\/wp-content\/uploads\/2022\/10\/logo-le-val-de-l-arre.jpg\",\"width\":370,\"height\":180,\"caption\":\"Le Val de l&#039;Arre\"},\"image\":{\"@id\":\"https:\/\/www.camping-levaldelarre.com\/#\/schema\/logo\/image\/\"}}]}<\/script>\n<!-- \/ Yoast SEO plugin. -->","yoast_head_json":{"title":"Rechtliche Hinweise - Le Val de l&#039;Arre","robots":{"index":"noindex","follow":"nofollow"},"og_locale":"de_DE","og_type":"article","og_title":"Rechtliche Hinweise - Le Val de l&#039;Arre","og_url":"https:\/\/www.camping-levaldelarre.com\/de\/rechtliche-hinweise\/","og_site_name":"Le Val de l&#039;Arre","article_modified_time":"2022-11-28T08:48:42+00:00","twitter_card":"summary_large_image","twitter_misc":{"Gesch\u00e4tzte Lesezeit":"2\u00a0Minuten"},"schema":{"@context":"https:\/\/schema.org","@graph":[{"@type":"WebPage","@id":"https:\/\/www.camping-levaldelarre.com\/de\/rechtliche-hinweise\/","url":"https:\/\/www.camping-levaldelarre.com\/de\/rechtliche-hinweise\/","name":"Rechtliche Hinweise - Le Val de l&#039;Arre","isPartOf":{"@id":"https:\/\/www.camping-levaldelarre.com\/#website"},"datePublished":"2022-11-09T15:10:53+00:00","dateModified":"2022-11-28T08:48:42+00:00","breadcrumb":{"@id":"https:\/\/www.camping-levaldelarre.com\/de\/rechtliche-hinweise\/#breadcrumb"},"inLanguage":"de","potentialAction":[{"@type":"ReadAction","target":["https:\/\/www.camping-levaldelarre.com\/de\/rechtliche-hinweise\/"]}]},{"@type":"BreadcrumbList","@id":"https:\/\/www.camping-levaldelarre.com\/de\/rechtliche-hinweise\/#breadcrumb","itemListElement":[{"@type":"ListItem","position":1,"name":"Camping Gard","item":"https:\/\/www.camping-levaldelarre.com\/de\/"},{"@type":"ListItem","position":2,"name":"Mentions l\u00e9gales"}]},{"@type":"WebSite","@id":"https:\/\/www.camping-levaldelarre.com\/#website","url":"https:\/\/www.camping-levaldelarre.com\/","name":"Le Val de l&#039;Arre","description":"","publisher":{"@id":"https:\/\/www.camping-levaldelarre.com\/#organization"},"potentialAction":[{"@type":"SearchAction","target":{"@type":"EntryPoint","urlTemplate":"https:\/\/www.camping-levaldelarre.com\/?s={search_term_string}"},"query-input":{"@type":"PropertyValueSpecification","valueRequired":true,"valueName":"search_term_string"}}],"inLanguage":"de"},{"@type":"Organization","@id":"https:\/\/www.camping-levaldelarre.com\/#organization","name":"Le Val de l&#039;Arre","url":"https:\/\/www.camping-levaldelarre.com\/","logo":{"@type":"ImageObject","inLanguage":"de","@id":"https:\/\/www.camping-levaldelarre.com\/#\/schema\/logo\/image\/","url":"https:\/\/www.camping-levaldelarre.com\/wp-content\/uploads\/2022\/10\/logo-le-val-de-l-arre.jpg","contentUrl":"https:\/\/www.camping-levaldelarre.com\/wp-content\/uploads\/2022\/10\/logo-le-val-de-l-arre.jpg","width":370,"height":180,"caption":"Le Val de l&#039;Arre"},"image":{"@id":"https:\/\/www.camping-levaldelarre.com\/#\/schema\/logo\/image\/"}}]}},"_links":{"self":[{"href":"https:\/\/www.camping-levaldelarre.com\/de\/wp-json\/wp\/v2\/pages\/2348","targetHints":{"allow":["GET"]}}],"collection":[{"href":"https:\/\/www.camping-levaldelarre.com\/de\/wp-json\/wp\/v2\/pages"}],"about":[{"href":"https:\/\/www.camping-levaldelarre.com\/de\/wp-json\/wp\/v2\/types\/page"}],"author":[{"embeddable":true,"href":"https:\/\/www.camping-levaldelarre.com\/de\/wp-json\/wp\/v2\/users\/1"}],"replies":[{"embeddable":true,"href":"https:\/\/www.camping-levaldelarre.com\/de\/wp-json\/wp\/v2\/comments?post=2348"}],"version-history":[{"count":1,"href":"https:\/\/www.camping-levaldelarre.com\/de\/wp-json\/wp\/v2\/pages\/2348\/revisions"}],"predecessor-version":[{"id":2421,"href":"https:\/\/www.camping-levaldelarre.com\/de\/wp-json\/wp\/v2\/pages\/2348\/revisions\/2421"}],"wp:attachment":[{"href":"https:\/\/www.camping-levaldelarre.com\/de\/wp-json\/wp\/v2\/media?parent=2348"}],"wp:term":[{"taxonomy":"sujet","embeddable":true,"href":"https:\/\/www.camping-levaldelarre.com\/de\/wp-json\/wp\/v2\/sujet?post=2348"}],"curies":[{"name":"wp","href":"https:\/\/api.w.org\/{rel}","templated":true}]}}

Mentions légales

<section id="ls-section-block_583f545f8b31ac52fb971731b9de7cc0" class="ls-section " >
        <div class="container container--wide">
        

<h1 class="ls-heading wp-block-heading">Rechtliche Hinweise</h1>



<h2 class="ls-heading wp-block-heading">Herausgeber der Seite</h2>



<p class="ls-paragraph">Identität : CAMPING Le Val de l&#8217;Arre<br>Adresse : Route du Pont de la croix 30120 Le Vigan<br>Tél : +33 (0)4 67 81 02 77<br>Email : <strong>valdelarre@wanadoo.fr</strong><br>Siret : 35267233100019<br>Innergemeinschaftliche USt-Nummer : FR78352672331</p>



<h2 class="ls-heading wp-block-heading">Umsetzung</h2>



<p class="ls-paragraph">GEEK TONIC<br>Vertreten durch Herrn Yohan Darmayan in seiner Funktion als Geschäftsführer<br>Hauptsitz : 1 ALL PIERRE GEORGES LATECOERE 64200 BIARRITZ<br>Tél : 05 32 74 11 52<br>E-mail : info@geek-tonic.com<br>Website : <a href="https://www.geek-tonic.com/">www.geek-tonic.com</a><br>SIRET : 89746755100015<br>APE : 6201Z</p>



<h2 class="ls-heading wp-block-heading">Urheberrechte und Copyrights</h2>



<p class="ls-paragraph">Der gesamte Inhalt dieser Website unterliegt dem Urheberrecht sowie dem geistigen Eigentum der französischen Gesetzgebung. Jede Vervielfältigung (einschließlich Fotos, Icons und herunterladbarer Dokumente) ist ohne vorherige Zustimmung von GEEK TONIC untersagt. Die Vervielfältigung der gesamten oder eines Teils der Website auf einem elektronischen Datenträger in einem Papier- oder elektronischen Format ist untersagt. GEEK TONIC übernimmt keine Verantwortung für die auf der Website vorhandenen Inhalte. GEEK TONIC übernimmt auch keine Verantwortung für externe Links, die auf die vorliegende Website verweisen.</p>



<h2 class="ls-heading wp-block-heading">Persönliche Daten und namentliche Informationen</h2>



<p class="ls-paragraph">Sie haben ein Recht auf Zugang, Änderung, Berichtigung und Löschung der Sie betreffenden Daten gemäß Artikel 34 des Gesetzes &#8222;Informatique et Libertés&#8220; Nr. 78-17 vom 6. Januar 1978, geändert am 6. August 2018. Um dieses Zugangsrecht zu entfalten, können Sie dies auf einfache schriftliche Anfrage an den Herausgeber der Website tun.</p>



<h2 class="ls-heading wp-block-heading">Gesetzgebung</h2>



<p class="ls-paragraph">Gemäß dem Gesetz vom 11. März 1957 (Art. 41) und dem Gesetz über geistiges Eigentum vom 1. Juli 1992 ist es verboten, einen Teil der Website ohne vorherige Genehmigung des Herausgebers der Website teilweise oder vollständig zu vervielfältigen. Die Logos, Bilder, Fotos, Videos, Grafiken und Texte sind Eigentum ihrer jeweiligen Besitzer. Diese Website kann ohne ihr Wissen mit anderen Websites über Hypermedia-Links verbunden sein. Der Herausgeber der Website lehnt jede Verantwortung für die auf diesen anderen Websites dargestellten Informationen ab. Der Internetnutzer erkennt an, dass die Nutzung dieser Website dem französischen Recht unterliegt.</p>


    </div>
</section>

<!-- This site is optimized with the Yoast SEO plugin v25.3 - https://yoast.com/wordpress/plugins/seo/ -->
<title>Rechtliche Hinweise - Le Val de l&#039;Arre</title>
<meta name="robots" content="noindex, nofollow" />
<meta property="og:locale" content="de_DE" />
<meta property="og:type" content="article" />
<meta property="og:title" content="Rechtliche Hinweise - Le Val de l&#039;Arre" />
<meta property="og:url" content="https://www.camping-levaldelarre.com/de/rechtliche-hinweise/" />
<meta property="og:site_name" content="Le Val de l&#039;Arre" />
<meta property="article:modified_time" content="2022-11-28T08:48:42+00:00" />
<meta name="twitter:card" content="summary_large_image" />
<meta name="twitter:label1" content="Geschätzte Lesezeit" />
	<meta name="twitter:data1" content="2 Minuten" />
<script type="application/ld+json" class="yoast-schema-graph">{"@context":"https://schema.org","@graph":[{"@type":"WebPage","@id":"https://www.camping-levaldelarre.com/de/rechtliche-hinweise/","url":"https://www.camping-levaldelarre.com/de/rechtliche-hinweise/","name":"Rechtliche Hinweise - Le Val de l&#039;Arre","isPartOf":{"@id":"https://www.camping-levaldelarre.com/#website"},"datePublished":"2022-11-09T15:10:53+00:00","dateModified":"2022-11-28T08:48:42+00:00","breadcrumb":{"@id":"https://www.camping-levaldelarre.com/de/rechtliche-hinweise/#breadcrumb"},"inLanguage":"de","potentialAction":[{"@type":"ReadAction","target":["https://www.camping-levaldelarre.com/de/rechtliche-hinweise/"]}]},{"@type":"BreadcrumbList","@id":"https://www.camping-levaldelarre.com/de/rechtliche-hinweise/#breadcrumb","itemListElement":[{"@type":"ListItem","position":1,"name":"Camping Gard","item":"https://www.camping-levaldelarre.com/de/"},{"@type":"ListItem","position":2,"name":"Mentions légales"}]},{"@type":"WebSite","@id":"https://www.camping-levaldelarre.com/#website","url":"https://www.camping-levaldelarre.com/","name":"Le Val de l&#039;Arre","description":"","publisher":{"@id":"https://www.camping-levaldelarre.com/#organization"},"potentialAction":[{"@type":"SearchAction","target":{"@type":"EntryPoint","urlTemplate":"https://www.camping-levaldelarre.com/?s={search_term_string}"},"query-input":{"@type":"PropertyValueSpecification","valueRequired":true,"valueName":"search_term_string"}}],"inLanguage":"de"},{"@type":"Organization","@id":"https://www.camping-levaldelarre.com/#organization","name":"Le Val de l&#039;Arre","url":"https://www.camping-levaldelarre.com/","logo":{"@type":"ImageObject","inLanguage":"de","@id":"https://www.camping-levaldelarre.com/#/schema/logo/image/","url":"https://www.camping-levaldelarre.com/wp-content/uploads/2022/10/logo-le-val-de-l-arre.jpg","contentUrl":"https://www.camping-levaldelarre.com/wp-content/uploads/2022/10/logo-le-val-de-l-arre.jpg","width":370,"height":180,"caption":"Le Val de l&#039;Arre"},"image":{"@id":"https://www.camping-levaldelarre.com/#/schema/logo/image/"}}]}</script>
<!-- / Yoast SEO plugin. -->
